 of h and g?
1
Suppose 3*q - 5*q + 72 = 0. Calculate the greatest common factor of q and 24.
12
Let x = -19 - -21. Calculate the highest common factor of 1 and x.
1
Suppose 4*t = 2*x + 74, -4*x + 2*x + 38 = 3*t. Let s(i) = 4*i - 12. Let q be s(15). What is the highest common divisor of t and q?
16
Let m = 58 + -50. Calculate the greatest common factor of 64 and m.
8
Suppose z + 18 = 2*z. Suppose 0*b - 8 = -2*b. Suppose b*c = c + z. What is the highest common divisor of c and 54?
6
Let t be (-2)/8 - (-42)/8. Suppose p = -5*y - 7, 3*y - 2*p - 2*p - t = 0. Let g = 7 - y. Calculate the highest common factor of g and 12.
4
Suppose -6*j = -10*j + 56. What is the greatest common divisor of 42 and j?
14
Let s be 1/(((-9)/6)/(-3)). Suppose t + s*t = 306. Suppose a + 2*a - t = 0. Calculate the highest common divisor of 17 and a.
17
Suppose -5*x = -x + y - 257, -2*x + 3*y = -139. What is the highest common factor of 13 and x?
13
Suppose 0 = -5*p + 7 + 28. Let z = p - -4. Calculate the greatest common divisor of 22 and z.
11
Let k(a) = -27*a. Let m(x) = x + 1. Let t be m(1). Suppose 1 = -3*o - t. Let r be k(o). Calculate the greatest common factor of r and 18.
9
Suppose -8*p = -7*p - 10. What is the greatest common divisor of p and 4?
2
Let b be ((8 - 3) + -1)*2. What is the greatest common factor of 40 and b?
8
Suppose -y = -4 - 17. Calculate the greatest common divisor of y and 21.
21
Let j be (-1860)/(-40) + (-3)/(-2). What is the highest common factor of j and 12?
12
Let x(n) = -n - 3. Let f be x(-4). Let a be ((-4)/8)/((-2)/44). Let y = a - 3. What is the highest common divisor of y and f?
1
Suppose 42 = 2*r + s, -4*r - 3*s = -28 - 56. Let w be (-14)/(-6) + (-4)/(-6). What is the highest common divisor of w and r?
3
Let d(w) = 5*w + 4. Let y(j) = -3 - 3*j + 0 - 2*j. Let q(p) = 3*d(p) + 4*y(p). Let z be q(-1). Calculate the greatest common factor of z and 5.
5
Suppose 3*l - 495 = -2*n + 431, -1237 = -4*l - 5*n. Calculate the greatest common factor of 28 and l.
28
Let u(i) = 4*i**3 + i. Let c be u(1). Suppose q - 5 = 4. Let g be 178/q + (-2)/(-9). Calculate the greatest common divisor of c and g.
5
Suppose m = 6*m + 20, 4*o - 720 = 4*m. What is the highest common factor of o and 16?
16
Let k be 2/(-8) + 4/16. Let i(v) = -v**2 - 6*v - 3. Let q be i(-5). Let f be (k - -28 - q) + -2. What is the highest common factor of 36 and f?
12
Let f = -24 + 43. Suppose 4*u - 3*l + 2*l - f = 0, -4 = -4*l. Let m be 108/(-15)*-1*u. What is the greatest common factor of 4 and m?
4
Suppose -249 = -3*d + 3*k, 5*k = 5*d + k - 420. What is the greatest common divisor of d and 8?
8
Suppose 64 = 3*z - 20. Let k(f) = 22*f**3 + 2*f**2 - 1. Let h be k(-1). Let p be h/(1*(-3)/6). What is the highest common divisor of p and z?
14
Let s be -3 - (-6 + 5)*12. Calculate the highest common divisor of s and 99.
9
Suppose -i + 175 = 4*i. Suppose -2 + 5 = -k. Let c = k + 8. What is the highest common factor of i and c?
5
Let k(b) = -b**3 + 8*b**2 + 7*b - 4. Let d be k(6). Suppose -5*u + 40 - 170 = 0. Let y = 37 + u. What is the highest common factor of y and d?
11
Suppose 4*g = -5*y, 4*y - g - 41 = 4*g. Suppose p = y*l + 1 + 12, 12 = p - 5*l. Suppose -6*o + 2*o + 544 = 0. What is the highest common divisor of o and p?
17
Suppose 2*q - 10 = -4*r, 3*r - 6 = 5*q + 8. Let k(o) = 4 - 2*o**2 + 4*o**2 - 2*o - o. Let b be k(r). What is the greatest common divisor of b and 104?
13
Let q be 344/14 + (-8)/14. Calculate the highest common factor of 3 and q.
3
Suppose 1 = u, 15 = -2*d + 4*u + 65. Calculate the greatest common divisor of 9 and d.
9
Let k(f) = f - 14. Let m be k(-9). Let n = m - -167. What is the greatest common divisor of n and 16?
16
Let w(q) = 2*q + 6. Let s be w(8). Let k be (-1 - 1)*33/(-2). Calculate the greatest common divisor of s and k.
11
Let i(d) be the third derivative of d**5/60 - d**4/3 - 3*d**3/2 + d**2. Let f be i(-6). Calculate the greatest common factor of f and 15.
15
Let g(f) = f**3 - 9*f**2 + 8*f + 11. Let y be g(8). Calculate the highest common divisor of 88 and y.
11
Let d = -40 + 190. What is the greatest common factor of d and 5?
5
Let u(b) = 3*b - 14. Let j be u(6). Suppose -3*c + 108 = -2*f, j*c + 2*f - 189 = -45. What is the highest common factor of c and 9?
9
Let f(v) = -8*v - 6. Let c be f(-4). Let z(k) = -25*k + 2. Let j be z(3). Let l = j + 138. What is the highest common divisor of l and c?
13
Suppose r + 2*x - 39 = -0*r, 3*r - 105 = -2*x. Let u(d) = d + 1. Let i be u(2). What is the highest common divisor of r and i?
3
Suppose k + 20 = 6*k, 4*p - 60 = -3*k. Calculate the highest common divisor of p and 3.
3
Suppose v - 3*v = -240. Suppose -3*z + v = 3*p - 186, -3*p = -3*z + 282. Calculate the greatest common factor of z and 14.
14
Let b = -48 - -20. Let j be (1 - 4)/(6/b). Calculate the highest common divisor of 28 and j.
14
Suppose -2*u + 3 = -u. Suppose 4*n = -2*x + 22, -u*x + 5*n + 83 = x. What is the greatest common factor of x and 68?
17
Let x(a) = 8*a**2 - 2*a + 1. Let h be x(1). What is the highest common divisor of h and 7?
7
Suppose s + 2 = 2*s. Suppose -s*g + 12 = -g. What is the greatest common factor of 24 and g?
12
Suppose -8 - 22 = -2*l - 4*z, -2*l + 28 = 2*z. Calculate the greatest common divisor of 156 and l.
13
Let w = -19 - -65. Calculate the highest common divisor of 23 and w.
23
Suppose 13 = 4*h + c, 3*h = 3*c + 8 + 13. What is the highest common divisor of 44 and h?
4
Let s be ((-20)/6 - -2)*-48. Suppose -4*l = 4*p - 128, -4*l + 2*l = -2*p + s. Let k = -4 - -8. Calculate the greatest common factor of p and k.
4
Suppose 0*o + 8 = 4*o. Let r be o/(-5) - (-428)/20. Calculate the greatest common factor of r and 3.
3
Let m be 3*8*(-11)/(-3). Suppose v + 4*i = 2*i + 17, v + 4*i - 23 = 0. Calculate the highest common factor of m and v.
11
Suppose -4*p - 1158 = -5*v, p + p + 462 = 2*v. Let c be (3874/447)/((-2)/(-6) - 0). Calculate the greatest common divisor of v and c.
26
Let h(v) = 14*v + 14. Let x be h(1). Suppose 4*q = 2*f + 132 + 92, 112 = 2*q + 2*f. What is the greatest common divisor of x and q?
28
Suppose 120 - 54 = 6*i. What is the greatest common divisor of i and 22?
11
Suppose 5*q = 4*i + 7, -11 = -3*i - i - q. Calculate the greatest common factor of i and 8.
2
Let h(u) = -u**3 - u**2 + u + 44. Let v be h(0). Suppose 0*s - 22 = -2*s. What is the highest common factor of v and s?
11
Suppose -2*x + 5*p = 7*p - 54, -3*p = -4*x + 143. What is the greatest common factor of x and 288?
32
Let y(h) = 4*h**3 - 7*h**2 - 5*h**3 + 0*h**3 - 8 - 8*h. Let i be y(-6). Suppose -i*a = -2*a - 96. Calculate the highest common divisor of 12 and a.
12
Let h = -31 + 18. Suppose 0*y = -3*y + 63. Let d = h + y. What is the highest common divisor of d and 24?
8
Suppose 5*p = -0*p + 5. What is the highest common divisor of 2 and p?
1
Suppose r - 2*f - 2*f = 34, 2*r + f = 23. Calculate the greatest common divisor of 112 and r.
14
Let r(x) = -3*x - 8. Let h be ((0/(-2))/1)/1. Suppose -4*o = -4*s - h*o - 12, -5*o - 9 = -s. Let l be r(s). What is the highest common factor of l and 4?
2
Suppose -2*d + 188 = 4*l, 4*l = -l - 5*d + 230. Let m be (-9)/7 - 4/(-14). Let f be -5 + 3 - 8/m. Calculate the highest common divisor of f and l.
6
Let d(u) = u**2 - 4*u - 2. Let s be d(6). Calculate the highest common divisor of s and 110.
10
Let x be (-2)/4 - 748/8. Let p = -96 + 38. Let y = p - x. What is the highest common divisor of 90 and y?
18
Let u = 66 + -57. What is the highest common factor of u and 72?
9
Suppose -r + 195 = -0*r. What is the greatest common divisor of r and 78?
39
Let l be ((-27)/6)/((-1)/34). Suppose 0 = 4*v - 6*v + 34. Calculate the highest common divisor of v and l.
17
Let g(t) = -2*t - 4. Let f be g(-6). Suppose -5*l + 162 = 2*m, 2*l + l + 2*m - 98 = 0. Suppose -6*z + l = -2*z. What is the highest common divisor of f and z?
8
Let r be 10/14 + 4/14. Let a be 6/4*(5 - r). What is the highest common factor of 24 and a?
6
Let y = -127 + 177. What is the greatest common divisor of y and 20?
10
Let t(b) = -b**3 + 4*b**2. Let q be t(4). Suppose -3*y + 25 + 8 = q. Let w = 152 + -108. What is the highest common factor of y and w?
11
Suppose 2*o - p - 22 = 4, -2*o = 3*p - 26. Calculate the highest common divisor of 39 and o.
13
Let b be 17*4 + (1 - 0